tors of k(d).
2, 3, 43
Let g = -3 - -18. Let k be 5/(g/(-213)) - -4. Let z = k - -180. What are the prime factors of z?
113
Suppose -g + 27029 = 5*n, 4*n + 117*g = 113*g + 21620. What are the prime factors of n?
2, 3, 17, 53
Let q(s) be the first derivative of 15 + 2*s**2 + 9*s**2 - 257*s + 238*s. List the prime factors of q(7).
3, 5
Let d(a) = -a**2 + 2*a + 29. Let n be d(6). What are the prime factors of n/(-4) - 23949/(-36)?
2, 83
Suppose 0 = 265*h - 154953 - 689337. What are the prime factors of h?
2, 3, 59
Let w = -294 - -299. Suppose w*p + 169 = -s + 745, s - 561 = -2*p. What are the prime factors of s?
19, 29
Let t(x) be the third derivative of x**4/2 + 5*x**3/6 + 10*x**2. Let c(w) = -2. Let z(b) = 4*c(b) + 2*t(b). What are the prime factors of z(2)?
2, 5
What are the prime factors of (2363/278)/(1/5)*1*626?
5, 17, 313
Let j be 11/(55/225) + (0 - 0). Suppose j*d - 44*d = 252. Suppose 3*w = v - 84, 0 = 3*v + 3*w - 8*w - d. What are the prime factors of v?
2, 3, 7
Suppose 142 = 4*h + 134. Suppose 0*w + 2*w - 3*q = 24, h*q = 4*w - 40. Suppose -6*u + w*u = 24. List the prime factors of u.
2
Let w(i) = -10 + 111*i + 192*i + 6*i. Let m(z) = -62*z + 2. Let f(u) = -11*m(u) - 2*w(u). What are the prime factors of f(3)?
2, 5, 19
Let z(u) = 9*u**3 - 1. Let v be z(1). Let a(y) = -y + 7 - 16*y**2 + v*y + 0*y - y**3 + 0*y**2. What are the prime factors of a(-17)?
3, 59
Let d = -21612 - -40732. What are the prime factors of d?
2, 5, 239
Let o(w) = -3*w**2 - 9*w**2 - 10 + 13*w**2 - 2*w + w. Suppose 9*b + d - 43 = 5*b, 0 = 4*b - 3*d - 31. List the prime factors of o(b).
2, 5
Let h(a) be the second derivative of a**4/6 + 29*a**3/6 - 5*a**2/2 - 12*a. Let j be h(-22). Let w = j + -137. List the prime factors of w.
2, 47
Let w(m) = -m**2 + m + 4. Let x be w(0). Suppose -2*n + 6*n + x*a = 1652, 3*a = -6. List the prime factors of n.
5, 83
Let w(k) be the first derivative of 23*k**3/3 + 7*k**2/2 - 39*k - 185. What are the prime factors of w(6)?
3, 277
Let p(y) = -14*y**3 + y + 4. Let k be 1/(3/2)*(-8 + 2). Let j be p(k). Suppose -2*l + j = 5*l. List the prime factors of l.
2
Let n(w) be the third derivative of -65*w**4/24 - 103*w**3/6 - 42*w**2. List the prime factors of n(-15).
2, 109
List the prime factors of (8/(-1) + 572 - -2) + -7.
13, 43
Let z = 9402 - 2857. List the prime factors of z.
5, 7, 11, 17
Let g(k) = -4*k + 15. Let v be g(-5). Let p = -111 + v. Let s = 27 - p. What are the prime factors of s?
103
Let u = 153 + -621. Let a = u - -1354. What are the prime factors of a?
2, 443
Suppose 870 = 4*h + 14. Let o be (564/24)/((-1)/6). Let u = o + h. List the prime factors of u.
73
Suppose 38*o - 26940 = 45906. What are the prime factors of o?
3, 71
Suppose -12*p + 14673 = -54483. List the prime factors of p.
3, 17, 113
Suppose -10*o = o. Suppose -3*d = o, 3*p - 15 = d - 6. Suppose 4*t = 16, p*t = 3*i + 2*t - 185. List the prime factors of i.
3, 7
Suppose 0 = 7*b + 17 - 10. Let s be (6/15)/(28/(-30) - b). Let m = s + 117. List the prime factors of m.
3, 41
Let l = -401 + 396. List the prime factors of ((-42)/(-15))/((-2)/l).
7
Let c be (-6 + (-192)/(-40))/((-4)/10). Suppose 53 = c*k - 13. List the prime factors of k.
2, 11
Let b(p) = 2*p**2 - 65*p - 48. Let t be b(41). Suppose 0 - 1 = -h, t = n + 4*h. List the prime factors of n.
3, 5, 43
Suppose -5*a - 4*k = 1849, -6*a - 1853 = -a + 3*k. Let n = -223 - a. List the prime factors of n.
2, 3, 5
Suppose 4*p - 3*k + k - 6616 = 0, 3*k = -6. Suppose -4*q + p - 333 = 0. What are the prime factors of q?
2, 3, 5, 11
Let v(b) = 5 + 4*b**2 + 4*b**3 - 93*b + 45*b + 46*b. List the prime factors of v(2).
7
Suppose -3*o = -0*o + 3*x + 447, -5*x = 15. What are the prime factors of (0 - o)*(-22)/(-44)?
73
Let j(t) = -t**3 + 5*t**2 + 2*t + 8. Suppose -4*s = 4*f - 28, -s - 2 = -2*f + 6. Let g be j(f). What are the prime factors of 8/6*2*g?
2, 3
Let m be 2/(-5)*(-1 + 6). Let v be 4 + (6 - 0) - m. Let n(l) = l**2 + l - 11. What are the prime factors of n(v)?
5, 29
Let u be (532/(-10) - -2)/((-25)/(-125)). Suppose -5*l + 4*n = -4*l - 358, 1811 = 5*l + n. Let p = u + l. What are the prime factors of p?
2, 53
Suppose 0 = 4*n + 3*p - 124 - 28, -4*n + p + 136 = 0. Let a = -15 + n. List the prime factors of ((-42)/8)/((-5)/a).
3, 7
Suppose 74 = 11*c + 19. What are the prime factors of ((505/(-4))/c)/((-2)/120)?
3, 5, 101
Suppose -202*x + 201123 = 164*x - 15*x. What are the prime factors of x?
3, 191
Let b = 339 - 171. Suppose 2*k + 4 = -2*k, 0 = 2*p + 2*k - b. Suppose 0*c + 5*c - p = 0. What are the prime factors of c?
17
Suppose -11541*n + 2078188 = -11513*n. List the prime factors of n.
7, 23, 461
Suppose -2*k + 2009*h + 153224 = 2010*h, k = -5*h + 76594. List the prime factors of k.
2, 3, 113
Suppose 2*x - 7 = 5*y, 3*x - 38 = y + y. Let g be -8*(x - 2)*(-2)/4. What are the prime factors of (-116)/(-2)*(-7)/(g/(-12))?
3, 29
Let w(z) = -16 + 291*z - 4 + 5 - 1. List the prime factors of w(6).
2, 5, 173
Suppose 4*m - 9 = m. Let n be ((-122)/m)/((-22)/33). Let f = n - 41. List the prime factors of f.
2, 5
Suppose 4*f - 95836 = 4*u, 19*f - 5*f + u = 335396. List the prime factors of f.
23957
Suppose 38*l - 938165 = -43417. List the prime factors of l.
2, 61, 193
Let j(h) = -1488*h - 1. Let x be j(-1). Let u = -908 + x. Suppose 0 = 5*s - u - 186. List the prime factors of s.
3, 17
Let g = 231 - 223. Let n be 8/16 + 29/2. Let c = g + n. List the prime factors of c.
23
Let p be (-12)/8*268/3. Let b = p - -191. What are the prime factors of b?
3, 19
Let b(c) be the third derivative of c**6/720 + c**5/4 - 5*c**4/6 + 10*c**2. Let o(k) be the second derivative of b(k). What are the prime factors of o(-12)?
2, 3
Let k(j) = -2 - 40*j - 50*j - 17*j. Let y be k(-9). Suppose 4*l - y = -89. What are the prime factors of l?
2, 109
Let f = -38 + 87. Let s be (-3)/(-6) + (-813)/(-6). Let c = s - f. What are the prime factors of c?
3, 29
Suppose 6*l - 2496 = 3*l + 5*w, 0 = 4*w. Let o = l + -352. List the prime factors of o.
2, 3, 5
List the prime factors of 79 + -68 + -2 + 11372.
19, 599
Let a(i) = -50*i**2 + 40*i - 10. Let f(s) = 17*s**2 - 13*s + 3. Let x(j) = -4*a(j) - 11*f(j). What are the prime factors of x(5)?
13, 19
Let b = -630 - -6134. List the prime factors of b.
2, 43
Suppose 0 = 10*k - k + 14*k - 756010. List the prime factors of k.
2, 5, 19, 173
Let c = -7094 - -14598. List the prime factors of c.
2, 7, 67
Suppose -7*a = -3*o - 4*a + 25785, 2*o - 3*a = 17194. Suppose 3*l = -5*b + 5159, -o = -5*l + 2*b - 3*b. List the prime factors of l.
2, 859
Let q(p) = -7*p - 14 - 31 + 6. Let k be q(-6). Suppose k*j + 2*s - 775 = -2*j, -5*s - 740 = -5*j. List the prime factors of j.
3, 17
Let s(x) = -x + 17. Let d be s(13). Suppose -4*u - u - 2*b + 169 = 0, -4*u = -d*b - 124. What are the prime factors of u?
3, 11
Suppose -31177 = -5*z + y, -10*z + 11*z - 6199 = -5*y. List the prime factors of z.
2, 3, 1039
Let m(b) = 103*b**2 + 6*b - 63. List the prime factors of m(-9).
2, 3, 457
Let t = -843 + 15741. List the prime factors of t.
2, 3, 13, 191
Let s = -223 + 228. Suppose -k + 44 = -u - 113, s*k + 3*u = 769. List the prime factors of k.
5, 31
Let v = -9435 + 15792. List the prime factors of v.
3, 13, 163
Suppose -32*x + 581147 = -807237. What are the prime factors of x?
43, 1009
Let q(p) = -p**2 + 9*p - 9. Let z(o) = -10*o - 3. Let g be z(-1). Let j be q(g). Suppose 134 = j*n - 0*r + 3*r, -2*r = -5*n + 119. List the prime factors of n.
5
Suppose -28*g = -1216 + 292. What are the prime factors of 2/(-2) - (-26004)/g?
787
Let l be (-16440)/(((-195)/(-10))/(-13)). Suppose r - l = -15*r. What are the prime factors of r?
5, 137
Let p(o) = -257*o + 10. Let r be p(-2). Let m = 1025 - r. What are the prime factors of m?
3, 167
Let a be (200/(-15) + 2)*-12. Suppose 0 = -a*b + 138*b - 476. Let p = -120 + b. What are the prime factors of p?
2, 59
Let v(u) = -6*u**2 + 109*u - 3. Let n be v(18). Let z(y) = y**3 - 8*y**2 + 25*y + 53. List the prime factors of z(n).
2003
Let a(z) = 2*z**3 + 9*z**2 - 12*z - 19. Let x be a(-5). Suppose -y + t = -276, -y - 2*t - x = -304. List the prime factors of y.
2, 5, 7
Let x be (-36774)/(-66) + (-4)/22. Let w = x + 19. List the prime factors of w.
2, 3
Let p = -883 - -30463. List the prime factors of p.
2, 3, 5, 17, 29
Let d b